s = -2*q - 16, 5*s + 87 - 17 = -5*q. Let a = 59 + q. Let r(i) = -3*i - 10. What is the remainder when a is divided by r(-8)?
13
What is the remainder when (-22)/(-33)*(-2 - 79/(-2)) is divided by 15?
10
Suppose -h + 1 = -0*h. What is the remainder when h - (2 + (-2 - 2)) is divided by 2?
1
Suppose 7*h - 45 = 4*h. Let j be -1 + (2 - (2 - 29)). Suppose -j = -5*g + 12. What is the remainder when h is divided by g?
7
Suppose 0 = -5*u - 4*f - 35 + 109, 0 = -u + 4*f + 34. What is the remainder when u is divided by 7?
4
Suppose 3*r - 2*b = -116, 0 = r + 2*r - b + 121. Let z be 186/(-1 + 4) - 1. Let w = z + r. Calculate the remainder when 36 is divided by w.
17
Suppose 135 = 2*q + 3*q. Suppose -12 = -7*n + 3*n, y = n + 35. Suppose y = 4*f - 2. Calculate the remainder when q is divided by f.
7
Let a be 0 - (-1 + -15) - -2. Suppose 0 = -2*l - 3*d - 8, -l + 2*l - 5 = 3*d. What is the remainder when l + -1 + a + 2 is divided by 10?
8
Suppose 2*u + 6 = 0, -h + 5*u = u - 40. Suppose -2*b + 8 = -2*a + 40, 2*b = 5*a - 77. Calculate the remainder when h is divided by a.
13
Suppose -x = 5*t - 43, -3*x - 15 = -t - 0*x. What is the remainder when 31 is divided by t?
4
Let r = -14 - -9. What is the remainder when 1/r + (-468)/(-15) is divided by 11?
9
Suppose 2*s - 168 = -3*q - 46, 0 = -3*q + 12. Calculate the remainder when s is divided by 28.
27
Let d be (5/2)/(3/(-6)). Let n be ((-5)/(-2))/(d/(-10)). Suppose -n*v + 18 = -3*v. What is the remainder when v is divided by 5?
4
Suppose -4*t - 129 = -2*h + h, 0 = -4*h - 4*t + 596. What is the remainder when h is divided by 37?
34
Let r be (2/(-8))/(2/(-8)). Let x = 4 - r. Suppose -x*d + 8*d - 92 = -3*a, -2*d = -2*a - 40. Calculate the remainder when d is divided by 7.
5
Suppose 11 - 10 = k. What is the remainder when 4 is divided by k?
0
Let j(v) = v**2 + 6*v + 1 + 1 + 4. Let w be j(-4). Calculate the remainder when (w/(-4))/((-2)/(-124)) is divided by 16.
15
Let s(a) = 4*a**2 - 5 - 6*a - 1 - a**2 - a**2. Calculate the remainder when 27 is divided by s(5).
13
Let v be 3*2*(-122)/(-4). Suppose -t + 4*t = v. Let g = -2 - -23. What is the remainder when t is divided by g?
19
Let z = 69 + -49. What is the remainder when z is divided by 13?
7
Suppose 20 = m - 4*a, -2*m + 13 = -a - 6. What is the remainder when 14 is divided by m?
6
Suppose 11*r + 20 = 15*r. Calculate the remainder when 10 is divided by r.
0
Suppose -4 = u - 2*u. Suppose u*y + 18 = -d - 7, -5*y - 30 = d. Calculate the remainder when (-138)/d - 4/(-10) is divided by 10.
8
Let s(m) = 2*m - 8. Let y be ((-4)/5)/(2/(-20)). Let w(x) = 2*x**2 + 4*x - 7. Calculate the remainder when w(-5) is divided by s(y).
7
Let v be (27/(-6) - -4)*-132. Suppose -5*y + 6 + 4 = 0. Suppose a = -2*c + v, y*c - 5*a + 132 = 6*c. Calculate the remainder when c is divided by 17.
16
Let k(i) = -i**3 - 5*i**2 + 5*i + 6. Let a be k(-6). Let y(x) = 6*x + 7. What is the remainder when y(a) is divided by 20?
19
Let i(b) = b - 7 + 3 + 5. Let c be i(1). Suppose -y + 19 = -c*h, h + 14 = -2*y + 52. Calculate the remainder when 36 is divided by y.
17
Let l = 12 - -18. What is the remainder when 87 is divided by l?
27
Let n(f) = 4*f - 4. Let m be n(5). Suppose 0 = -6*q + 2*q + m, 2*u - 52 = -5*q. Calculate the remainder when 29 is divided by u.
13
Let r = 68 + -16. What is the remainder when r is divided by 14?
10
Suppose -h + 6*h + 2*o - 3 = 0, -4*o = -5*h - 21. Let s = 5 + h. What is the remainder when 11 is divided by s?
3
Let y(k) = 4*k - 7. Suppose 5*x - 3*q - 42 = 0, 3*q = -4*x + 4*q + 28. Let t(v) = 6*v**3 - v**2 - v + 1. What is the remainder when y(x) is divided by t(1)?
2
Suppose -5*d = -k - 18, -5*k = -0*d - 5*d + 10. Suppose 0 = -w - 0*w + d*z + 7, 5*w - 17 = 2*z. Calculate the remainder when 8 is divided by w.
2
Suppose 4*b = 35 - 11. What is the remainder when 16 is divided by b?
4
Let b = -58 - -109. Suppose 5*d + b = 6*d. What is the remainder when d is divided by 13?
12
Let t = 10 - 6. Suppose t*f = 8*f - 24. Let a(n) = n**2 - 6*n + 9. Calculate the remainder when a(f) is divided by 5.
4
Let a = 1 - 1. Suppose -2*k + 4*d = 2*k - 12, a = 4*d. Suppose 7*h - k*h = 12. Calculate the remainder when 8 is divided by h.
2
Let r = 3 - -1. Suppose -h = r*h - 25. Suppose -44 = -4*a + 4*j, 2*a = 6*j - 2*j + 20. Calculate the remainder when a is divided by h.
2
Let l = 3 - -1. What is the remainder when 9 is divided by l?
1
Suppose j - 25 = -4*j. Let h be 1*5/(j/(-9)). Let a = 22 + h. Calculate the remainder when 38 is divided by a.
12
Let g(w) = -w - 11. Let x be g(-11). Suppose 5*y - 70 = -x. Suppose -3*a + y = -a. Calculate the remainder when 26 is divided by a.
5
Suppose 0*c = 4*c - 4. What is the remainder when ((-9)/12)/(1/(-52)) is divided by ((-3)/6)/(c/(-40))?
19
Suppose q - 6*q + 60 = 0. Let k(s) = s**2 + 7*s - 10. Let i be k(-9). What is the remainder when q is divided by ((-10)/i - -3)*4?
5
Suppose 5*o + 37 = 52. What is the remainder when o is divided by 2?
1
Let y = -29 - -82. What is the remainder when y is divided by (1 - 5*3)/(-1)?
11
Let u(d) = 5*d**2 + 6*d. Let g(l) = -l**2 + l. Let q(z) = -4*g(z) - u(z). What is the remainder when 62 is divided by q(-8)?
14
Let i(s) = 3*s**2 + 1. Suppose t + 4*t - 44 = -3*g, 3*t - 2*g - 34 = 0. Calculate the remainder when t is divided by i(1).
2
Let l(u) = -2*u - 8. Let s be l(-7). Let r(d) = d**2 - 5*d + 4. Calculate the remainder when 19 is divided by r(s).
9
Let l(z) = -z**2 + 7*z + 14. Calculate the remainder when 17 is divided by l(8).
5
Suppose -2 - 3 = 5*a. Let b = -2 + 7. What is the remainder when (-13 + 2 - 2)/a is divided by b?
3
Let r(p) = -2*p - 4. Let s(k) = -3*k - 8. Let x(z) = 5*r(z) - 2*s(z). What is the remainder when (-60)/(-1)*2/4 is divided by x(-5)?
14
Suppose 2*p - 24 = p. Suppose 5*q + 9 - p = 0. Suppose 6 = 3*r - 3*j, r + r + 5*j = 11. What is the remainder when q is divided by r?
0
Let x = -3 - 8. Calculate the remainder when 72 is divided by (8 + x)/(2/(-10)).
12
Suppose 5*c = -4*l + 49 + 186, c + 4*l - 63 = 0. Calculate the remainder when c is divided by 22.
21
Let g(u) = -u**2 - 35*u + 122. Suppose -5*j + 14 = -11. Calculate the remainder when g(3) is divided by j.
3
Suppose 0 = -8*b + 7*b + 11. What is the remainder when 53 is divided by b?
9
Let s be 1/(-2) + 237/6. Let y = s + -8. Let v(n) = 4*n - 9. Calculate the remainder when y is divided by v(5).
9
Let h be (6/15)/((-1)/(-10)). Suppose 4*n + 4*b = 36, b + 86 = h*n + 30. Let d = 93 - 56. What is the remainder when d is divided by n?
11
Suppose -1 = -s - 3. Let z = 31 + s. What is the remainder when z is divided by 8?
5
Suppose 4*j + 2*s - 82 = 2*j, 0 = 5*j + 3*s - 215. What is the remainder when j is divided by 24?
22
Suppose d - 2*d + 18 = 0. What is the remainder when d is divided by 11?
7
Suppose 0 = -c + 6 + 17. Calculate the remainder when c is divided by 12.
11
Let f be -60 - (-3)/(-3 + 2). Let h = f - -94. Calculate the remainder when h is divided by -2 + 3/((-3)/(-13)).
9
Calculate the remainder when -5 + 93 + 2*(-2 + 1) is divided by 22.
20
Suppose q = -2 + 1. Calculate the remainder when 55 is divided by (7 + -6)/(q/(-14)).
13
Calculate the remainder when 42 is divided by (22/(-5))/(10/(-50)).
20
Let z = 14 - 6. What is the remainder when 22 is divided by z?
6
Let c = 26 - 21. Suppose 2*m = c*m - 207. What is the remainder when m is divided by 24?
21
Suppose -2*z - p = -17, 3*z = -2*z - p + 47. Calculate the remainder when 17 is divided by z.
7
Suppose -2*b + 10 = 2*w, -2*b - w + 4 = -2. Calculate the remainder when 2 is divided by (-2)/(-2) - (-1 + b).
0
Let x(o) = o**2 - 11*o + 45. What is the remainder when (-278)/(-7) - (-2)/7 is divided by x(8)?
19
Let x(a) = -12*a**3 - 2*a**2 - a. Suppose -3*b + 5*w = 3*w + 10, 5*b - 4*w + 18 = 0. What is the remainder when x(b) is divided by 23?
21
Suppose -4 + 0 = k. Let l(r) = -r**2 - 4*r + 1. What is the remainder when 2 is divided by l(k)?
0
Let q be 15/20 - 34/(-8). Suppose -3*b + 4*f - 9*f = -130, q*f = b - 70. Calculate the remainder when b is divided by 13.
11
Suppose -2*i - 5*q + 6 = 0, 4*i - q - 19 - 37 = 0. Calculate the remainder when 49 is divided by i.
10
Let k be (-3)/5 - (-3)/5. Suppose k = 3*f - 0 - 21. Suppose w - 2 - f = 0. What is the remainder when 25 is divided by w?
7
Suppose 